{"id":2284,"date":"2023-07-25T21:40:12","date_gmt":"2023-07-25T19:40:12","guid":{"rendered":"https:\/\/test.verenajung.de\/startseite\/?page_id=2284"},"modified":"2023-10-03T23:43:19","modified_gmt":"2023-10-03T21:43:19","slug":"korrektorat","status":"publish","type":"page","link":"https:\/\/test.verenajung.de\/startseite\/korrektorat\/","title":{"rendered":"Korrektorat"},"content":{"rendered":"<p style=\"text-align: justify;\">Du hast viel Zeit und M\u00fche in die Erstellung deines Textes investiert und Freude und Stolz sind gro\u00df. Aber der gew\u00fcnschte Eindruck beim Leser oder der Leserin kann schnell durch Fl\u00fcchtigkeitsfehler ins Negative verkehrt werden. Lass dir von mir die Unsicherheit nehmen. Bevor<br \/>\n&#8211; dein Buch, in das du Jahre deines Lebens und viel Herzblut gesteckt hast, in den Rezensionen zerrissen wird,<br \/>\n&#8211; du eine Absage auf deine Traumstelle erh\u00e4ltst,<br \/>\n&#8211; deine Professoren dir eine schlechtere Note verpassen oder<br \/>\n&#8211; du auf deinem Fest von Freunden oder Verwandten auf <em>diesen einen Fehler<\/em> in der Einladung angesprochen wirst,<br \/>\nwende dich an mich. Ich helfe dir! Als professionelle Korrektorin stehe ich dir zur Seite und pr\u00fcfe deinen Text auf Herz und Nieren, damit deine Botschaft bei deinen Leser*innen ankommt. Kontaktiere mich noch heute und sichere dir den Mehrwert eines professionellen Korrektorats. Deine Zufriedenheit ist mein oberstes Ziel!<\/p>\n\r\n<script type=\"text\/javascript\">\r\n\t\r\n\t\tfunction do_resize(){\r\n\r\n\t\t\tvar width=jQuery( '.wpsm_panel .wpsm_panel-body iframe' ).width();\r\n\t\t\tvar height=jQuery( '.wpsm_panel .wpsm_panel-body iframe' ).height();\r\n\r\n\t\t\tvar toggleSize = true;\r\n\t\t\tjQuery('iframe').animate({\r\n\t\t\t    width: toggleSize ? width : 640,\r\n\t\t\t    height: toggleSize ? height : 360\r\n\t\t\t  }, 250);\r\n\r\n\t\t\t  toggleSize = !toggleSize;\r\n\t\t}\r\n\t\t\r\n<\/script>\t\n","protected":false},"excerpt":{"rendered":"<p>Du hast viel Zeit und M\u00fche in die Erstellung deines Textes investiert und Freude und Stolz sind gro\u00df. Aber der gew\u00fcnschte Eindruck beim Leser oder [&#8230;]<\/p>\n","protected":false},"author":2,"featured_media":0,"parent":0,"menu_order":0,"comment_status":"closed","ping_status":"closed","template":"","meta":{"footnotes":""},"class_list":["post-2284","page","type-page","status-publish","hentry"],"yoast_head":"<!-- This site is optimized with the Yoast SEO plugin v26.2 - https:\/\/yoast.com\/wordpress\/plugins\/seo\/ -->\n<title>Korrektorat - Verena Jung<\/title>\n<meta name=\"robots\" content=\"index, follow, max-snippet:-1, max-image-preview:large, max-video-preview:-1\" \/>\n<link rel=\"canonical\" href=\"https:\/\/test.verenajung.de\/startseite\/korrektorat\/\" \/>\n<meta property=\"og:locale\" content=\"de_DE\" \/>\n<meta property=\"og:type\" content=\"article\" \/>\n<meta property=\"og:title\" content=\"Korrektorat - Verena Jung\" \/>\n<meta property=\"og:description\" content=\"Du hast viel Zeit und M\u00fche in die Erstellung deines Textes investiert und Freude und Stolz sind gro\u00df. Aber der gew\u00fcnschte Eindruck beim Leser oder [...]\" \/>\n<meta property=\"og:url\" content=\"https:\/\/test.verenajung.de\/startseite\/korrektorat\/\" \/>\n<meta property=\"og:site_name\" content=\"Verena Jung\" \/>\n<meta property=\"article:modified_time\" content=\"2023-10-03T21:43:19+00:00\" \/>\n<meta name=\"twitter:card\" content=\"summary_large_image\" \/>\n<meta name=\"twitter:label1\" content=\"Gesch\u00e4tzte Lesezeit\" \/>\n\t<meta name=\"twitter:data1\" content=\"1\u00a0Minute\" \/>\n<script type=\"application\/ld+json\" class=\"yoast-schema-graph\">{\"@context\":\"https:\/\/schema.org\",\"@graph\":[{\"@type\":\"WebPage\",\"@id\":\"https:\/\/test.verenajung.de\/startseite\/korrektorat\/\",\"url\":\"https:\/\/test.verenajung.de\/startseite\/korrektorat\/\",\"name\":\"Korrektorat - Verena Jung\",\"isPartOf\":{\"@id\":\"https:\/\/test.verenajung.de\/startseite\/#website\"},\"datePublished\":\"2023-07-25T19:40:12+00:00\",\"dateModified\":\"2023-10-03T21:43:19+00:00\",\"breadcrumb\":{\"@id\":\"https:\/\/test.verenajung.de\/startseite\/korrektorat\/#breadcrumb\"},\"inLanguage\":\"de\",\"potentialAction\":[{\"@type\":\"ReadAction\",\"target\":[\"https:\/\/test.verenajung.de\/startseite\/korrektorat\/\"]}]},{\"@type\":\"BreadcrumbList\",\"@id\":\"https:\/\/test.verenajung.de\/startseite\/korrektorat\/#breadcrumb\",\"itemListElement\":[{\"@type\":\"ListItem\",\"position\":1,\"name\":\"Startseite\",\"item\":\"https:\/\/test.verenajung.de\/startseite\/\"},{\"@type\":\"ListItem\",\"position\":2,\"name\":\"Korrektorat\"}]},{\"@type\":\"WebSite\",\"@id\":\"https:\/\/test.verenajung.de\/startseite\/#website\",\"url\":\"https:\/\/test.verenajung.de\/startseite\/\",\"name\":\"Verena Jung\",\"description\":\"Schriftstellerin f\u00fcr Phantastik und Korrektorin\",\"publisher\":{\"@id\":\"https:\/\/test.verenajung.de\/startseite\/#\/schema\/person\/33fe27d71a8c1f61427644fd38d7b32d\"},\"potentialAction\":[{\"@type\":\"SearchAction\",\"target\":{\"@type\":\"EntryPoint\",\"urlTemplate\":\"https:\/\/test.verenajung.de\/startseite\/?s={search_term_string}\"},\"query-input\":{\"@type\":\"PropertyValueSpecification\",\"valueRequired\":true,\"valueName\":\"search_term_string\"}}],\"inLanguage\":\"de\"},{\"@type\":[\"Person\",\"Organization\"],\"@id\":\"https:\/\/test.verenajung.de\/startseite\/#\/schema\/person\/33fe27d71a8c1f61427644fd38d7b32d\",\"name\":\"Verena Jung\",\"image\":{\"@type\":\"ImageObject\",\"inLanguage\":\"de\",\"@id\":\"https:\/\/test.verenajung.de\/startseite\/#\/schema\/person\/image\/\",\"url\":\"https:\/\/test.verenajung.de\/wp-content\/uploads\/2022\/05\/Logo-Parisienne-Header.jpg\",\"contentUrl\":\"https:\/\/test.verenajung.de\/wp-content\/uploads\/2022\/05\/Logo-Parisienne-Header.jpg\",\"width\":2550,\"height\":600,\"caption\":\"Verena Jung\"},\"logo\":{\"@id\":\"https:\/\/test.verenajung.de\/startseite\/#\/schema\/person\/image\/\"}}]}<\/script>\n<!-- \/ Yoast SEO plugin. -->","yoast_head_json":{"title":"Korrektorat - Verena Jung","robots":{"index":"index","follow":"follow","max-snippet":"max-snippet:-1","max-image-preview":"max-image-preview:large","max-video-preview":"max-video-preview:-1"},"canonical":"https:\/\/test.verenajung.de\/startseite\/korrektorat\/","og_locale":"de_DE","og_type":"article","og_title":"Korrektorat - Verena Jung","og_description":"Du hast viel Zeit und M\u00fche in die Erstellung deines Textes investiert und Freude und Stolz sind gro\u00df. Aber der gew\u00fcnschte Eindruck beim Leser oder [...]","og_url":"https:\/\/test.verenajung.de\/startseite\/korrektorat\/","og_site_name":"Verena Jung","article_modified_time":"2023-10-03T21:43:19+00:00","twitter_card":"summary_large_image","twitter_misc":{"Gesch\u00e4tzte Lesezeit":"1\u00a0Minute"},"schema":{"@context":"https:\/\/schema.org","@graph":[{"@type":"WebPage","@id":"https:\/\/test.verenajung.de\/startseite\/korrektorat\/","url":"https:\/\/test.verenajung.de\/startseite\/korrektorat\/","name":"Korrektorat - Verena Jung","isPartOf":{"@id":"https:\/\/test.verenajung.de\/startseite\/#website"},"datePublished":"2023-07-25T19:40:12+00:00","dateModified":"2023-10-03T21:43:19+00:00","breadcrumb":{"@id":"https:\/\/test.verenajung.de\/startseite\/korrektorat\/#breadcrumb"},"inLanguage":"de","potentialAction":[{"@type":"ReadAction","target":["https:\/\/test.verenajung.de\/startseite\/korrektorat\/"]}]},{"@type":"BreadcrumbList","@id":"https:\/\/test.verenajung.de\/startseite\/korrektorat\/#breadcrumb","itemListElement":[{"@type":"ListItem","position":1,"name":"Startseite","item":"https:\/\/test.verenajung.de\/startseite\/"},{"@type":"ListItem","position":2,"name":"Korrektorat"}]},{"@type":"WebSite","@id":"https:\/\/test.verenajung.de\/startseite\/#website","url":"https:\/\/test.verenajung.de\/startseite\/","name":"Verena Jung","description":"Schriftstellerin f\u00fcr Phantastik und Korrektorin","publisher":{"@id":"https:\/\/test.verenajung.de\/startseite\/#\/schema\/person\/33fe27d71a8c1f61427644fd38d7b32d"},"potentialAction":[{"@type":"SearchAction","target":{"@type":"EntryPoint","urlTemplate":"https:\/\/test.verenajung.de\/startseite\/?s={search_term_string}"},"query-input":{"@type":"PropertyValueSpecification","valueRequired":true,"valueName":"search_term_string"}}],"inLanguage":"de"},{"@type":["Person","Organization"],"@id":"https:\/\/test.verenajung.de\/startseite\/#\/schema\/person\/33fe27d71a8c1f61427644fd38d7b32d","name":"Verena Jung","image":{"@type":"ImageObject","inLanguage":"de","@id":"https:\/\/test.verenajung.de\/startseite\/#\/schema\/person\/image\/","url":"https:\/\/test.verenajung.de\/wp-content\/uploads\/2022\/05\/Logo-Parisienne-Header.jpg","contentUrl":"https:\/\/test.verenajung.de\/wp-content\/uploads\/2022\/05\/Logo-Parisienne-Header.jpg","width":2550,"height":600,"caption":"Verena Jung"},"logo":{"@id":"https:\/\/test.verenajung.de\/startseite\/#\/schema\/person\/image\/"}}]}},"blog_post_layout_featured_media_urls":{"thumbnail":"","full":""},"categories_names":null,"comments_number":"0","wpmagazine_modules_lite_featured_media_urls":{"thumbnail":"","cvmm-medium":"","cvmm-medium-plus":"","cvmm-portrait":"","cvmm-medium-square":"","cvmm-large":"","cvmm-small":"","full":""},"_links":{"self":[{"href":"https:\/\/test.verenajung.de\/startseite\/wp-json\/wp\/v2\/pages\/2284","targetHints":{"allow":["GET"]}}],"collection":[{"href":"https:\/\/test.verenajung.de\/startseite\/wp-json\/wp\/v2\/pages"}],"about":[{"href":"https:\/\/test.verenajung.de\/startseite\/wp-json\/wp\/v2\/types\/page"}],"author":[{"embeddable":true,"href":"https:\/\/test.verenajung.de\/startseite\/wp-json\/wp\/v2\/users\/2"}],"replies":[{"embeddable":true,"href":"https:\/\/test.verenajung.de\/startseite\/wp-json\/wp\/v2\/comments?post=2284"}],"version-history":[{"count":18,"href":"https:\/\/test.verenajung.de\/startseite\/wp-json\/wp\/v2\/pages\/2284\/revisions"}],"predecessor-version":[{"id":2415,"href":"https:\/\/test.verenajung.de\/startseite\/wp-json\/wp\/v2\/pages\/2284\/revisions\/2415"}],"wp:attachment":[{"href":"https:\/\/test.verenajung.de\/startseite\/wp-json\/wp\/v2\/media?parent=2284"}],"curies":[{"name":"wp","href":"https:\/\/api.w.org\/{rel}","templated":true}]}}